0169 is divided by 64.
57
Calculate the remainder when 15679634 is divided by 7839815.
4
Calculate the remainder when 348784 is divided by 173852.
1080
What is the remainder when 9809 is divided by 1647?
1574
What is the remainder when 4031490 is divided by 2015600?
290
What is the remainder when 5627123 is divided by 351678?
275
What is the remainder when 181192202 is divided by 15943?
7
Calculate the remainder when 21856923 is divided by 3951.
3942
Calculate the remainder when 303773 is divided by 20250.
23
What is the remainder when 74714 is divided by 593?
589
Calculate the remainder when 25247422 is divided by 64.
62
Calculate the remainder when 27933605 is divided by 244.
241
What is the remainder when 4834769 is divided by 4456?
9
Calculate the remainder when 4989226 is divided by 5208.
5170
What is the remainder when 253193754 is divided by 36?
30
What is the remainder when 9436067 is divided by 815?
812
What is the remainder when 2206881 is divided by 55?
6
Calculate the remainder when 314474 is divided by 157235.
4
What is the remainder when 490127 is divided by 1732?
1703
What is the remainder when 315729 is divided by 317?
314
Calculate the remainder when 9253986 is divided by 48962.
168
Calculate the remainder when 34552 is divided by 624.
232
What is the remainder when 630115 is divided by 9692?
135
Calculate the remainder when 44816 is divided by 6285.
821
What is the remainder when 140831 is divided by 608?
383
Calculate the remainder when 7183912 is divided by 2543.
2480
What is the remainder when 1907876 is divided by 4241?
3667
Calculate the remainder when 12928 is divided by 1726.
846
Calculate the remainder when 5056582 is divided by 118.
46
Calculate the remainder when 214882 is divided by 37.
23
Calculate the remainder when 487630 is divided by 300.
130
What is the remainder when 52139057 is divided by 73?
48
Calculate the remainder when 21691001 is divided by 37.
10
Calculate the remainder when 587137 is divided by 13651.
144
What is the remainder when 656254591 is divided by 896?
895
Calculate the remainder when 313860 is divided by 104109.
1533
What is the remainder when 744024 is divided by 370634?
2756
What is the remainder when 62732 is divided by 2240?
12
Calculate the remainder when 3791714 is divided by 6257.
6229
Calculate the remainder when 67190 is divided by 1184.
886
What is the remainder when 46584696 is divided by 46584682?
14
Calculate the remainder when 201393 is divided by 2798.
2735
Calculate the remainder when 19330 is divided by 2907.
1888
What is the remainder when 14162 is divided by 4626?
284
What is the remainder when 16013 is divided by 671?
580
What is the remainder when 55142 is divided by 755?
27
What is the remainder when 10274647 is divided by 33?
31
Calculate the remainder when 6949229 is divided by 335.
324
What is the remainder when 19746725 is divided by 5040?
5
What is the remainder when 360819193 is divided by 14?
7
Calculate the remainder when 51392 is divided by 10221.
287
Calculate the remainder when 78071485 is divided by 8.
5
What is the remainder when 35046 is divided by 161?
109
Calculate the remainder when 1592233 is divided by 398057.
5
Calculate the remainder when 47509 is divided by 5884.
437
Calculate the remainder when 921354 is divided by 1195.
9
What is the remainder when 95568 is divided by 31638?
654
Calculate the remainder when 5492955 is divided by 1026.
777
What is the remainder when 98268 is divided by 24565?
8
What is the remainder when 110990 is divided by 2134?
22
What is the remainder when 111713 is divided by 13951?
105
Calculate the remainder when 43701760 is divided by 3564.
3556
What is the remainder when 1852955 is divided by 1012?
995
What is the remainder when 40648 is divided by 6564?
1264
Calculate the remainder when 200621 is divided by 66744.
389
Calculate the remainder when 46785 is divided by 21565.
3655
Calculate the remainder when 7979 is divided by 1265.
389
Calculate the remainder when 28241486 is divided by 9413825.
11
Calculate the remainder when 1165397 is divided by 359.
83
Calculate the remainder when 32313 is divided by 2872.
721
Calculate the remainder when 2689583 is divided by 883.
848
Calculate the remainder when 1943672 is divided by 3095.
12
Calculate the remainder when 239963 is divided by 70.
3
What is the remainder when 13764248 is divided by 32?
24
Calculate the remainder when 416896864 is divided by 5394.
5392
What is the remainder when 168911 is divided by 56281?
68
Calculate the remainder when 6250213 is divided by 3125043.
127
What is the remainder when 273950 is divided by 2226?
152
What is the remainder when 3408921 is divided by 83144?
17
Calculate the remainder when 4810930 is divided by 3976.
3946
Calculate the remainder when 48562 is divided by 15090.
3292
What is the remainder when 511333050 is divided by 32?
26
What is the remainder when 233759 is divided by 8567?
2450
Calculate the remainder when 47738032 is divided by 2380.
2372
What is the remainder when 14420710 is divided by 22?
18
Calculate the remainder when 11014404 is divided by 131.
55
What is the remainder when 247516 is divided by 848?
748
What is the remainder when 11793409 is divided by 11793397?
12
Calculate the remainder when 1506278 is divided by 301222.
168
What is the remainder when 24410 is divided by 6957?
3539
What is the remainder when 1123712 is divided by 280923?
20
Calculate the remainder when 845503 is divided by 397.
290
Calculate the remainder when 168609 is divided by 4307.
636
Calculate the remainder when 359012 is divided by 10875.
137
Calculate the remainder when 17424778 is divided by 2612.
126
Calculate the remainder when 973159 is divided by 58.
35
What is the remainder when 5933408 is divided by 247225?
8
Calculate the remainder when 567856 is divided by 567851.
5
Calculate the remainder when 136615852 is divided by 11987.
13
Calculate the remainder when 801781 is divided by 442.
435
What is the remainder when 8417 is divided by 39?
32
What is the remainder when 360469 is divided by 27728?
5
Calculate the remainder when 11157 is divided by 11016.
141
Calculate the remainder when 2287711 is divided by 46.
39
Calculate the remainder when 12160292 is divided by 953.
12
What is the remainder when 5402849 is divided by 995?
994
What is the remainder when 5224586 is divided by 50234?
250
What is the remainder when 128438468 is divided by 4281282?
8
Calculate the remainder when 167711170 is divided by 1004.
1002
Calculate the remainder when 234750950 is divided by 313.
11
What is the remainder when 7499357 is divided by 80?
77
Calculate the remainder when 161123 is divided by 2731.
2725
Calculate the remainder when 1431179 is divided by 2212.
15
Calculate the remainder when 133103866 is divided by 26620771.
11
What is the remainder when 929828 is divided by 154932?
236
What is the remainder when 156595173 is divided by 139?
136
What is the remainder when 666830 is divided by 241?
224
Calculate the remainder when 61980311 is divided by 712.
711
What is the remainder when 1186013 is divided by 592999?
15
What is the remainder when 74616449 is divided by 2572981?
0
Calculate the remainder when 4505152 is divided by 76.
24
Calculate the remainder when 17670063 is divided by 8835000.
63
What is the remainder when 1456796 is divided by 471?
464
Calculate the remainder when 47698 is divided by 15583.
949
Calculate the remainder when 128879 is divided by 4023.
143
What is the remainder when 77870 is divided by 10640?
3390
What is the remainder when 5461689 is divided by 1365421?
5
Calculate the remainder when 11645287 is divided by 11645285.
2
What is the remainder when 188521 is divided by 97?
50
Calculate the remainder when 127351 is divided by 4711.
154
Calculate the remainder when 6324115 is divided by 523.
522
What is the remainder when 261940 is divided by 158?
134
What is the remainder when 599238250 is divided by 202?
200
Calculate the remainder when 9386 is divided by 2400.
2186
Calculate the remainder when 4725703 is divided by 63.
10
Calculate the remainder when 711521 is divided by 101627.
132
What is the remainder when 116110322 is divided by 21?
20
Calculate the remainder when 57732619 is divided by 3151.
3148
Calculate the 